{"id":151966,"date":"2013-07-06T08:44:02","date_gmt":"2013-07-06T06:44:02","guid":{"rendered":"http:\/\/piratenpartei-treptow-koepenick.de\/?page_id=151966"},"modified":"2013-07-06T08:44:02","modified_gmt":"2013-07-06T06:44:02","slug":"volker-unplugged","status":"publish","type":"page","link":"https:\/\/blogs.piratech.de\/treptow-koepenick\/direktkandidat\/volker-unplugged\/","title":{"rendered":"Volker Unplugged"},"content":{"rendered":"<h4>Direktkandidat Volker Schr\u00f6der l\u00e4dt zu Gespr\u00e4chen im Park ein<\/h4>\n<p><a href=\"http:\/\/piratenpartei-treptow-koepenick.de\/2013\/07\/11\/volker-unplugged\/\"><img loading=\"lazy\" decoding=\"async\" class=\"alignnone size-full wp-image-142918\" title=\"Direktkandidat Volker Schr\u00f6der l\u00e4dt zu Gespr\u00e4chen im Park ein\" alt=\"volker-schroeder-teaser\" src=\"http:\/\/blogs.piratech.de\/treptow-koepenick\/wp-content\/uploads\/sites\/12\/2013\/05\/volker-schroeder-teaser.jpg\" width=\"1140\" height=\"320\" srcset=\"https:\/\/blogs.piratech.de\/treptow-koepenick\/wp-content\/uploads\/sites\/12\/2013\/05\/volker-schroeder-teaser.jpg 1140w, https:\/\/blogs.piratech.de\/treptow-koepenick\/wp-content\/uploads\/sites\/12\/2013\/05\/volker-schroeder-teaser-300x84.jpg 300w, https:\/\/blogs.piratech.de\/treptow-koepenick\/wp-content\/uploads\/sites\/12\/2013\/05\/volker-schroeder-teaser-1024x287.jpg 1024w\" sizes=\"auto, (max-width: 1140px) 100vw, 1140px\" \/><\/a><\/p>\n<p>T\u00e4glich von 12-13 Uhr m\u00f6chte ich mit euch <strong>\u00fcber aktuelle und zuk\u00fcnftige Themen der Bundespolitik<\/strong> diskutieren.<\/p>\n<p>Die Gespr\u00e4che finden an wechselnden Orten in Treptow-K\u00f6penick statt und k\u00f6nnen auch als kleiner Kiezspaziergang oder Rundgang gestaltet werden.<\/p>\n<p>Gerne k\u00f6nnt ihr mit mir auch zus\u00e4tzliche Termine zu anderen Zeiten in eurem bevorzugten (Veranstaltungs-)Raum vereinbaren.<\/p>\n<h3 id=\"orteliste\">Vorschl\u00e4ge<\/h3>\n<ul>\n<li>Im Schlesischen Busch hinterm Wachturm (<a href=\"https:\/\/maps.google.de\/maps?f=d&amp;source=s_d&amp;saddr=52.495699,13.450255&amp;daddr=&amp;hl=de&amp;geocode=&amp;sll=52.495625,13.450228&amp;sspn=0.000661,0.002064&amp;vpsrc=0&amp;t=h&amp;mra=mift&amp;mrsp=0&amp;sz=20&amp;ie=UTF8&amp;z=20\">Karte<\/a>)<\/li>\n<li>Von S-Wuhlheide nach Haltestelle Eichgestell (Karte <a href=\"https:\/\/maps.google.de\/maps?f=d&amp;source=s_d&amp;saddr=52.469317,13.553282&amp;daddr=&amp;hl=de&amp;geocode=&amp;sll=52.468877,13.552475&amp;sspn=0.001322,0.004128&amp;vpsrc=0&amp;t=h&amp;mra=mift&amp;mrsp=0&amp;sz=19&amp;ie=UTF8&amp;z=19\">Beginn<\/a> und <a href=\"https:\/\/maps.google.de\/maps?f=d&amp;source=s_d&amp;saddr=&amp;daddr=52.47075,13.516949&amp;hl=de&amp;geocode=&amp;sll=52.47076,13.516877&amp;sspn=0.001322,0.004128&amp;vpsrc=0&amp;t=h&amp;mra=mift&amp;mrsp=1&amp;sz=19&amp;ie=UTF8&amp;z=19&amp;lci=transit_comp\">Ende<\/a>)<\/li>\n<li>Von Baumschulenweg\/K\u00f6penicker Landstra\u00dfe nach S-Treptower Park (<a href=\"https:\/\/maps.google.de\/maps?f=d&amp;source=s_d&amp;saddr=52.469177,13.491692&amp;daddr=&amp;hl=de&amp;geocode=&amp;sll=52.469238,13.491472&amp;sspn=0.000661,0.002064&amp;vpsrc=6&amp;t=h&amp;dirflg=w&amp;mra=mift&amp;mrsp=0&amp;sz=20&amp;ie=UTF8&amp;ll=52.468439,13.491211&amp;spn=0.002644,0.008256&amp;z=18\">Karte Startpunkt<\/a>)<\/li>\n<li>Platz am Kaisersteg, Obersch\u00f6neweide (<a href=\"https:\/\/maps.google.de\/maps?f=d&amp;source=s_d&amp;saddr=52.459141,13.519179&amp;daddr=&amp;hl=de&amp;geocode=&amp;sll=52.459036,13.520125&amp;sspn=0.002236,0.006105&amp;vpsrc=0&amp;t=h&amp;mra=mift&amp;mrsp=0&amp;sz=17&amp;ie=UTF8&amp;z=17\">Karte<\/a>)<\/li>\n<li>Im Treptower Park hinterm Hafen (<a href=\"https:\/\/maps.google.de\/maps?f=d&amp;source=s_d&amp;saddr=52.492668,13.465826&amp;daddr=&amp;hl=de&amp;geocode=&amp;sll=52.493116,13.463772&amp;sspn=0.002642,0.008256&amp;vpsrc=0&amp;t=h&amp;mra=mift&amp;mrsp=0&amp;sz=18&amp;ie=UTF8&amp;z=18\">Karte<\/a>)<\/li>\n<li>K\u00f6penicker Schlo\u00dfpark an der ersten Statue<\/li>\n<li>Baumschulenstra\u00dfe vor der Volkshochschule<\/li>\n<li>Licht- und Luftbad M\u00fcggelsee (<a href=\"https:\/\/maps.google.de\/maps?f=d&amp;source=s_d&amp;saddr=52.446782,13.670068&amp;daddr=&amp;hl=de&amp;geocode=&amp;sll=52.446775,13.669736&amp;sspn=0.000661,0.002064&amp;vpsrc=0&amp;t=k&amp;mra=mift&amp;mrsp=0&amp;sz=20&amp;ie=UTF8&amp;z=20\">Karte<\/a>)<\/li>\n<\/ul>\n<p>Die Orte werden jeweils eine Woche vorher hier bekanntgegeben werden. \u00dcber Vorschl\u00e4ge und W\u00fcnsche f\u00fcr Orte oder Strecken w\u00fcrde ich mich freuen. Hierzu bitte einfach die entsprechenden Termine kommentieren.<\/p>\n<p><!--\n.ai1ec-container {} .ai1ec-calendar-toolbar { display: none;} .ai1ec-pagination { display: none !important;}\n-->[ai1ec view=&#8220;agenda&#8220; cat_name=&#8220;Direktkandidat vor Ort&#8220;]<\/p>\n","protected":false},"excerpt":{"rendered":"<p>Direktkandidat Volker Schr\u00f6der l\u00e4dt zu Gespr\u00e4chen im Park ein <\/p>\n<p>T\u00e4glich von 12-13 Uhr m\u00f6chte ich mit euch \u00fcber aktuelle und zuk\u00fcnftige Themen der Bundespolitik diskutieren.<\/p>\n<p>Die Gespr\u00e4che finden an wechselnden Orten in Treptow-K\u00f6penick statt und k\u00f6nnen auch als kleiner Kiezspaziergang oder Rundgang gestaltet werden.<\/p>\n<p>Gerne k\u00f6nnt ihr mit mir auch zus\u00e4tzliche Termine zu anderen <a href=\"https:\/\/blogs.piratech.de\/treptow-koepenick\/direktkandidat\/volker-unplugged\/\">[&#8230;]<\/a><\/p>\n","protected":false},"author":66,"featured_media":0,"parent":154596,"menu_order":0,"comment_status":"open","ping_status":"open","template":"","meta":{"footnotes":""},"class_list":["post-151966","page","type-page","status-publish","hentry"],"_links":{"self":[{"href":"https:\/\/blogs.piratech.de\/treptow-koepenick\/wp-json\/wp\/v2\/pages\/151966","targetHints":{"allow":["GET"]}}],"collection":[{"href":"https:\/\/blogs.piratech.de\/treptow-koepenick\/wp-json\/wp\/v2\/pages"}],"about":[{"href":"https:\/\/blogs.piratech.de\/treptow-koepenick\/wp-json\/wp\/v2\/types\/page"}],"author":[{"embeddable":true,"href":"https:\/\/blogs.piratech.de\/treptow-koepenick\/wp-json\/wp\/v2\/users\/66"}],"replies":[{"embeddable":true,"href":"https:\/\/blogs.piratech.de\/treptow-koepenick\/wp-json\/wp\/v2\/comments?post=151966"}],"version-history":[{"count":0,"href":"https:\/\/blogs.piratech.de\/treptow-koepenick\/wp-json\/wp\/v2\/pages\/151966\/revisions"}],"up":[{"embeddable":true,"href":"https:\/\/blogs.piratech.de\/treptow-koepenick\/wp-json\/wp\/v2\/pages\/154596"}],"wp:attachment":[{"href":"https:\/\/blogs.piratech.de\/treptow-koepenick\/wp-json\/wp\/v2\/media?parent=151966"}],"curies":[{"name":"wp","href":"https:\/\/api.w.org\/{rel}","templated":true}]}}