{"id":921,"date":"2011-05-07T15:52:39","date_gmt":"2011-05-07T13:52:39","guid":{"rendered":"http:\/\/piraten-steglitz-zehlendorf.de\/?page_id=2"},"modified":"2015-11-11T19:30:28","modified_gmt":"2015-11-11T18:30:28","slug":"ueber-uns","status":"publish","type":"page","link":"https:\/\/blogs.piratech.de\/steglitz-zehlendorf\/ueber-uns\/","title":{"rendered":"\u00dcber uns"},"content":{"rendered":"<p><a href=\"http:\/\/blogs.piratech.de\/steglitz-zehlendorf\/wp-content\/uploads\/sites\/18\/2011\/05\/Piratenzeugs.jpg\"><img loading=\"lazy\" decoding=\"async\" class=\"alignright size-full wp-image-888\" src=\"http:\/\/blogs.piratech.de\/steglitz-zehlendorf\/wp-content\/uploads\/sites\/18\/2011\/05\/Piratenzeugs.jpg\" alt=\"Piratenzeugs\" width=\"300\" height=\"257\" \/><\/a>Hallo und Herzlich Willkommen auf der Internetseite der Piraten in Steglitz Zehlendorf.<\/p>\n<p>&nbsp;<\/p>\n<p>Im Bereich &#8222;<a href=\"http:\/\/piraten-steglitz-zehlendorf.de\/news\/\">News<\/a>&#8220; finden sich aktuelle Artikel der Piraten des Bezirks \u00fcber das politische Tagesgeschehen im Bezirk.<\/p>\n<p>Unter &#8222;<a href=\"http:\/\/piraten-steglitz-zehlendorf.de\/crews\/\">Mitarbeit<\/a>&#8220; erfahrt Ihr, wo im Bezirk regelm\u00e4\u00dfige Piratentreffen stattfinden.<\/p>\n<p>Die &#8222;<a href=\"http:\/\/www.piratenfraktion-sz.de\">Fraktion<\/a>&#8220; ist der Teil der Piraten, die in die BVV gew\u00e4hlt wurden. F\u00fcr N\u00e4heres bitte dort entlang.<\/p>\n<p>\u00dcber die &#8222;<a href=\"https:\/\/service.piratenpartei.de\/listinfo\/berlin-steglitz-zehlendorf\" target=\"_blank\">Mailingliste<\/a>&#8220; der Piraten in Steglitz-Zehlendorf erf\u00e4hrt man Neuigkeiten und kann sich (so man will) aktiv an den Diskussionen beteiligen.<\/p>\n","protected":false},"excerpt":{"rendered":"<p>Hallo und Herzlich Willkommen auf der Internetseite der Piraten in Steglitz Zehlendorf. &nbsp; Im Bereich &#8222;News&#8220; finden sich aktuelle Artikel der Piraten des Bezirks \u00fcber das politische Tagesgeschehen im Bezirk. Unter &#8222;Mitarbeit&#8220; erfahrt Ihr, wo im Bezirk regelm\u00e4\u00dfige Piratentreffen stattfinden. &hellip; <a href=\"https:\/\/blogs.piratech.de\/steglitz-zehlendorf\/ueber-uns\/\">Weiterlesen <span class=\"meta-nav\">&rarr;<\/span><\/a><\/p>\n","protected":false},"author":81,"featured_media":0,"parent":0,"menu_order":3,"comment_status":"closed","ping_status":"closed","template":"","meta":{"footnotes":""},"class_list":["post-921","page","type-page","status-publish","hentry"],"_links":{"self":[{"href":"https:\/\/blogs.piratech.de\/steglitz-zehlendorf\/wp-json\/wp\/v2\/pages\/921","targetHints":{"allow":["GET"]}}],"collection":[{"href":"https:\/\/blogs.piratech.de\/steglitz-zehlendorf\/wp-json\/wp\/v2\/pages"}],"about":[{"href":"https:\/\/blogs.piratech.de\/steglitz-zehlendorf\/wp-json\/wp\/v2\/types\/page"}],"author":[{"embeddable":true,"href":"https:\/\/blogs.piratech.de\/steglitz-zehlendorf\/wp-json\/wp\/v2\/users\/81"}],"replies":[{"embeddable":true,"href":"https:\/\/blogs.piratech.de\/steglitz-zehlendorf\/wp-json\/wp\/v2\/comments?post=921"}],"version-history":[{"count":2,"href":"https:\/\/blogs.piratech.de\/steglitz-zehlendorf\/wp-json\/wp\/v2\/pages\/921\/revisions"}],"predecessor-version":[{"id":959,"href":"https:\/\/blogs.piratech.de\/steglitz-zehlendorf\/wp-json\/wp\/v2\/pages\/921\/revisions\/959"}],"wp:attachment":[{"href":"https:\/\/blogs.piratech.de\/steglitz-zehlendorf\/wp-json\/wp\/v2\/media?parent=921"}],"curies":[{"name":"wp","href":"https:\/\/api.w.org\/{rel}","templated":true}]}}