{"id":31,"date":"2011-05-08T14:53:45","date_gmt":"2011-05-08T12:53:45","guid":{"rendered":"http:\/\/piraten-steglitz-zehlendorf.de\/?page_id=31"},"modified":"2021-01-31T20:04:33","modified_gmt":"2021-01-31T19:04:33","slug":"v-boroviczeny","status":"publish","type":"page","link":"https:\/\/blogs.piratech.de\/steglitz-zehlendorf\/archiv\/v-boroviczeny\/","title":{"rendered":"Georg von Boroviczeny"},"content":{"rendered":"<ul>\n<li>Name: Georg v. Boroviczeny\n<p><div id=\"attachment_178\" style=\"width: 158px\" class=\"wp-caption alignright\"><a href=\"http:\/\/blogs.piratech.de\/steglitz-zehlendorf\/wp-content\/uploads\/sites\/18\/2011\/05\/Kadidatur1-vereinfacht-cartoon.jpg\"><img loading=\"lazy\" decoding=\"async\" aria-describedby=\"caption-attachment-178\" class=\"size-full wp-image-178  \" title=\"Kadidatur1 vereinfacht cartoon\" src=\"http:\/\/blogs.piratech.de\/steglitz-zehlendorf\/wp-content\/uploads\/sites\/18\/2011\/05\/Kadidatur1-vereinfacht-cartoon.jpg\" alt=\"Bild f\u00fcr Kandidatur BVV\" width=\"148\" height=\"190\" srcset=\"https:\/\/blogs.piratech.de\/steglitz-zehlendorf\/wp-content\/uploads\/sites\/18\/2011\/05\/Kadidatur1-vereinfacht-cartoon.jpg 246w, https:\/\/blogs.piratech.de\/steglitz-zehlendorf\/wp-content\/uploads\/sites\/18\/2011\/05\/Kadidatur1-vereinfacht-cartoon-234x300.jpg 234w\" sizes=\"auto, (max-width: 148px) 100vw, 148px\" \/><\/a><p id=\"caption-attachment-178\" class=\"wp-caption-text\">Pirat G.v.B.<\/p><\/div><\/li>\n<li>geboren 1947<\/li>\n<li>Budapest<\/li>\n<li>deutsche und ungarische Staatsangeh\u00f6rigkeit<\/li>\n<li>Diplomsozialp\u00e4dagoge\/-arbeiter<\/li>\n<li>Rentner, mit Arbeit im Umfang von ca 40 St.\/Monat<\/li>\n<\/ul>\n<p><span style=\"font-size: small\"><span style=\"line-height: 24px\">in der BVV werde ich mit allen demokratischen Parteien kooperieren, aber entschlossen die Ziele der PIRATEN vertreten: Transparenz, Datensicherheit, B\u00fcrgerbeteiligung auf allen Ebenen, einfach und unkompliziert.<\/span><\/span><\/p>\n<p><span style=\"font-size: small\"><span style=\"line-height: 24px\">Schwerpunkte f\u00fcr mich sind Arbeit\/Besch\u00e4ftigung f\u00fcr alle, Grundeinkommen, bezahlbare Mieten (das ist gerade in Steglitz-Zehlendorf nicht einfach!), Gesundheitssystem, vern\u00fcnftiger Jugendschutz bei einer angemessenen, nicht-prohibitiven Drogenpolitik.<\/span><\/span><\/p>\n<p><span style=\"font-size: small\"><span style=\"line-height: 24px\">Ich will keine gro\u00dfartigen Versprechen abgeben, au\u00dfer, dass ich allen zuh\u00f6ren werde und so weit, wie das m\u00f6glich ist, allen auch antworte: georg.boroviczeny@berlin.piratenpartei.de<\/span><\/span><\/p>\n","protected":false},"excerpt":{"rendered":"<p>Name: Georg v. Boroviczeny geboren 1947 Budapest deutsche und ungarische Staatsangeh\u00f6rigkeit Diplomsozialp\u00e4dagoge\/-arbeiter Rentner, mit Arbeit im Umfang von ca 40 St.\/Monat in der BVV werde ich mit allen demokratischen Parteien kooperieren, aber entschlossen die Ziele der PIRATEN vertreten: Transparenz, Datensicherheit, &hellip; <a href=\"https:\/\/blogs.piratech.de\/steglitz-zehlendorf\/archiv\/v-boroviczeny\/\">Weiterlesen <span class=\"meta-nav\">&rarr;<\/span><\/a><\/p>\n","protected":false},"author":81,"featured_media":0,"parent":223,"menu_order":3,"comment_status":"open","ping_status":"closed","template":"sidebar-page.php","meta":{"footnotes":""},"class_list":["post-31","page","type-page","status-publish","hentry"],"_links":{"self":[{"href":"https:\/\/blogs.piratech.de\/steglitz-zehlendorf\/wp-json\/wp\/v2\/pages\/31","targetHints":{"allow":["GET"]}}],"collection":[{"href":"https:\/\/blogs.piratech.de\/steglitz-zehlendorf\/wp-json\/wp\/v2\/pages"}],"about":[{"href":"https:\/\/blogs.piratech.de\/steglitz-zehlendorf\/wp-json\/wp\/v2\/types\/page"}],"author":[{"embeddable":true,"href":"https:\/\/blogs.piratech.de\/steglitz-zehlendorf\/wp-json\/wp\/v2\/users\/81"}],"replies":[{"embeddable":true,"href":"https:\/\/blogs.piratech.de\/steglitz-zehlendorf\/wp-json\/wp\/v2\/comments?post=31"}],"version-history":[{"count":1,"href":"https:\/\/blogs.piratech.de\/steglitz-zehlendorf\/wp-json\/wp\/v2\/pages\/31\/revisions"}],"predecessor-version":[{"id":1036,"href":"https:\/\/blogs.piratech.de\/steglitz-zehlendorf\/wp-json\/wp\/v2\/pages\/31\/revisions\/1036"}],"up":[{"embeddable":true,"href":"https:\/\/blogs.piratech.de\/steglitz-zehlendorf\/wp-json\/wp\/v2\/pages\/223"}],"wp:attachment":[{"href":"https:\/\/blogs.piratech.de\/steglitz-zehlendorf\/wp-json\/wp\/v2\/media?parent=31"}],"curies":[{"name":"wp","href":"https:\/\/api.w.org\/{rel}","templated":true}]}}